lculate the remainder when 88*(36/(-24) + 14/y) is divided by 5.
2
Suppose 28*i = 41*i. Suppose 283 = 3*b - o + 5*o, i = -b + 3*o + 77. What is the remainder when b is divided by 47?
42
Let q(v) = -v**2 - 17*v + 77. Calculate the remainder when 1711 is divided by q(-15).
106
Let h = 145 + -138. What is the remainder when 346 is divided by h - (6 - (-688)/(-8))?
85
Let x be (-9 - -4)*(1 - (-3)/(-5)). Suppose -2*y + 58 = -4*u, 2*u - 55 = -y - 2*y. Calculate the remainder when -3*(x - 48) + -2 + -3 is divided by y.
19
Let l(c) = 45*c**2 + 2*c. Let q be l(1). Let x = q + 17. What is the remainder when x is divided by 23?
18
Let x be 4/14 + 8740/(-161). Let q = x + 58. Suppose -m + 2*v + 10 = 0, -q*m - 3*v + 65 + 8 = 0. What is the remainder when 43 is divided by m?
11
Calculate the remainder when 262104/204 + (-21)/(-119) is divided by 161.
158
Let u = 328 - 276. Let d = u + -27. Calculate the remainder when 48 is divided by d.
23
Calculate the remainder when 156 is divided by (-16380)/(-186) - 4/62.
68
Suppose 4*k - 5*j - 1644 = 0, 4*k - 7*k + 4*j + 1232 = 0. Let s = -344 + k. Calculate the remainder when s is divided by 25.
22
Let v = 14 - 6. Suppose 0 = 3*r + 7 + v, -4*k + 5*r = -141. Let f = k + -24. Calculate the remainder when 18 is divided by f.
3
Let m(x) = 7*x**2 - 4*x + 3. What is the remainder when m(-5) is divided by 100/6*((-5 - 328/(-40)) + -2)?
18
Calculate the remainder when ((783/12)/(-1))/(-9*19/3192) is divided by 597.
24
Suppose -14*o = -658 - 1918. Calculate the remainder when o is divided by 16.
8
Suppose 60*v = 2511 + 2649. Calculate the remainder when 325 is divided by v.
67
Let n be -6*((-834)/18 + 1). Let u = -252 + n. Calculate the remainder when 113 is divided by u.
13
Let f = -112 - -109. Calculate the remainder when ((-504)/98)/(f/56) is divided by 22.
8
Suppose 3*l + 71*o = 75*o + 13, -o = -4*l. What is the remainder when (-196)/(-10)*5 - 5/l is divided by 23?
11
Suppose 473*q = 465*q + 1256. Calculate the remainder when q is divided by 120.
37
Let a(t) = -2*t**3 - 4*t + 0*t**2 - 2*t**2 - 3 - 2*t**2. Let p be 2/1 - ((0 - -8) + -4). What is the remainder when a(p) is divided by 4?
1
Suppose -3*t + 0*z = z - 65, 34 = 2*t - 4*z. Let m = t + -11. Calculate the remainder when (23 - 0) + m/5 is divided by 9.
7
Suppose 3*o - 75 = -280*h + 285*h, 0 = o + 4*h - 59. Calculate the remainder when 61 is divided by o.
26
Calculate the remainder when 940 is divided by ((-1026)/(-60) - 15)*10.
16
Let g = -26 + 28. Suppose 4*h - g = -6. Calculate the remainder when 48 is divided by (-14 - h)/((-5)/5).
9
Let z(a) = a**2 + 2*a - 8. Let v(i) = 11*i**2 + 55*i + 32. What is the remainder when v(-9) is divided by z(-10)?
68
Calculate the remainder when 86/7*8*(-2)/((-32)/14) is divided by 0 + (-6)/2 - -26.
17
Let d be -4 - ((5 - 33) + -4). Suppose -3*v - z - z = -26, 2*v = 4*z + d. Calculate the remainder when 119 is divided by v.
9
Let x(z) = 6*z + 119. Let j be x(-19). Suppose 2*d + 116 = -j*w + 1456, -1340 = -5*w + 2*d. Calculate the remainder when w is divided by 54.
52
Suppose 162*m - 68*m = 4136. What is the remainder when m is divided by 9?
8
Let b(c) = 6*c - 9. Let x be b(2). Suppose -2*v = q - 4, 0 = 3*q + x*v + 5 - 26. Let l = 23 - q. What is the remainder when 51 is divided by l?
12
Let v = 22 - 22. Suppose m - 2 = -2*g - 0, v = m - 2. Suppose 3*l + j - 8 = g, 2*j + 0 = l + 2. Calculate the remainder when l is divided by 2.
0
Suppose 0 = -5*s + 3 + 12. Let h(g) = -g**2 + 6*g - 7. Let x = -1 + 3. What is the remainder when h(s) is divided by x?
0
Let m(o) = o**3 + 5*o**2 - 352*o - 1419. What is the remainder when 7 + -1 - (-2 + 1) is divided by m(-4)?
2
Let z(s) = -4*s**2 - 3*s + 136. What is the remainder when 32 is divided by z(-6)?
2
Suppose -4*p - 2*d + 153 = 33, -2*p - 5*d = -60. Calculate the remainder when 389 is divided by p.
29
Let v(d) = 5*d**2 + 5*d + 8. Let x be v(-2). Calculate the remainder when 32 is divided by (-4)/x + (-1180)/(-45).
6
Suppose -4*l - 54 = -5*q, 35 = 4*q - l + 6*l. Suppose 0 = 12*f - 10*f + q. Calculate the remainder when 134/8 - (f + (-57)/(-12)) is divided by 12.
5
Let d(b) = -155*b + 1414. What is the remainder when 1041 is divided by d(9)?
15
Suppose 3*t + 2*b = 6, -2*t - 5*b = -7*t + 10. Suppose 2*r + 3*r = 4*k - 51, 0 = t*k + r - 15. Calculate the remainder when 79 is divided by k.
7
Let i(t) = -t**2 - 9*t - 2. Let a be i(-9). Let c = 55 + -56. Calculate the remainder when (a - c)/(11/(-737)) is divided by 18.
13
Let f be 20 + (12/4 + -5)*1. What is the remainder when 163 is divided by (-81)/f*(-9)/(27/10)?
13
Let t(x) = 4*x + 1253. Let v = 58 + -28. Calculate the remainder when t(-291) is divided by v.
29
Suppose -2*w = -m - 29 + 235, 2*w - 226 = -m. What is the remainder when m is divided by 108?
0
Let n = 2259 - 1015. Let b = -1387 + 1470. What is the remainder when n is divided by b?
82
Let l(g) = -10*g - 99. Let o be l(-10). Let w(j) = 75*j**3 + j**2 - 3*j + 3. What is the remainder when w(o) is divided by 7?
6
Let a = 7860 - 7764. Calculate the remainder when 255 is divided by a.
63
Suppose 0 = 34*k - 4876 - 2060. Calculate the remainder when 613 is divided by k.
1
Let a = -1505 - -1595. What is the remainder when 648 is divided by a?
18
Suppose -160 = -7*s - 111. Let o = 14 - 8. What is the remainder when 0/(o/2) + 13 is divided by s?
6
Let u(o) = 2*o**2 - 2*o - 5. Calculate the remainder when u(-4) is divided by ((-2)/9)/(15/(-646 - 29)).
5
Let j(f) = 2*f**2 + 6*f - 1. Let p = -131 - -175. What is the remainder when p is divided by j(-5)?
6
Suppose -9044 - 16275 = -15*s - 3764. Calculate the remainder when s is divided by 30.
27
Let f(s) = -s**3 + 7*s**2 - 3*s - 7. Suppose 5*k - 2099 + 415 = p, -340 = -k + p. Let r = k + -282. Calculate the remainder when r is divided by f(6).
10
Let i(t) = t**2 + 25*t + 2. Let r be i(-13). Let b be (-4)/(-18) + r/126. What is the remainder when 10*(5/(-10) - b) is divided by 2?
1
Suppose -72398 = -160*o - 7438. What is the remainder when o is divided by 71?
51
Let p(r) = -r**2 + 118. What is the remainder when 290 is divided by p(-9)?
31
Let m(l) = -l**3 + 15*l**2 - 32*l - 42. Calculate the remainder when 5038 is divided by m(11).
88
Let m = -193 + 448. Let l = 385 - m. Calculate the remainder when l is divided by ((-156)/84 - -5)/(5/35).
20
Let m(o) = o + 36. Let h be (-110)/(-5)*(10/(-4))/(-5). What is the remainder when 139 is divided by m(h)?
45
Let m(x) = 3*x**2 + x - 3. What is the remainder when m(-5) is divided by 12/(-144)*-6*34?
16
Suppose 10*v - 16 = 14. Suppose -4*o = 2*i, 2*i - 4*o = -v*i + 42. Calculate the remainder when 94 is divided by (-28)/i*(-3 + (-45)/35).
14
Let f = 24924 - 24775. Suppose -x - 95 = -3*v + 4*x, -4*v + 116 = -4*x. What is the remainder when f is divided by v?
24
Let f(o) = 17*o - 11. Suppose -14*t + 242 = 8*t. What is the remainder when f(5) is divided by t?
8
Let z = 3 - 5. Suppose -1616*d - 390*d + 40335 + 19845 = 0. What is the remainder when -18*(9/z)/1 is divided by d?
21
Let u(g) = g**2 + 5. Calculate the remainder when u(6) is divided by 28*((-153)/68 + 3).
20
Suppose q = -2*k, 6 = 2*q + 5*k + 7. Suppose -5*f - q + 7 = u, 115 = 4*u + f. Calculate the remainder when 419 is divided by u.
29
Let j = 35 + -24. Let d = 25635 + -25551. Calculate the remainder when d is divided by j.
7
Let w = 317 + 363. What is the remainder when w is divided by 172?
164
Suppose 0 = 2*t - 4*s - 398, 4*t + 4*s = -0*t + 748. Suppose 0 = -4067*k + 4111*k - 1056. Calculate the remainder when t is divided by k.
23
Let v = 44 + -33. Let i(z) = -z**2 + 8*z - 7. Let l be i(v). Let r = l - -50. What is the remainder when 87 is divided by r?
7
Suppose 70 = 5*y + 20. Let h be 15/y + 39/(-2). Let b = h - -35. What is the remainder when b is divided by 4?
1
Let z(r) = 401*r**2 - 10*r. Let g = -83 - -152. What is the remainder when z(-1) is divided by g?
66
Let p(o) = o**2 + 5*o + 2. Let k be p(-3). Let d = 299 + -137. What is the remainder when d is divided by (6/k)/(-3)*66?
30
Let t(h) = -h + 16. Let u = 24 + -34. Let f be t(u). Suppose -3*z - f = -44. Calculate the remainder when 20 is divided by z.
2
Suppose 89*f + 382096 = 141*f. Calculate the remainder when f is divided by 49.
47
Calculate the remainder when 11429 is divided by (2 +